 divide 67364?
False
Is 1964 a multiple of 4?
True
Is 89243 a multiple of 133?
True
Is 43 a factor of 1038?
False
Does 5 divide 541?
False
Does 20 divide 5300?
True
Does 279 divide 19809?
True
Is 14107 a multiple of 28?
False
Does 6 divide 1152?
True
Does 9 divide 774?
True
Is 289 a multiple of 11?
False
Does 10 divide 2341?
False
Does 5 divide 62?
False
Is 1413 a multiple of 15?
False
Does 77 divide 6329?
False
Does 24 divide 2099?
False
Does 5 divide 10715?
True
Is 1697 a multiple of 27?
False
Is 2 a factor of 10096?
True
Does 3 divide 188?
False
Does 7 divide 24976?
True
Does 110 divide 3729?
False
Is 19 a factor of 546?
False
Is 259 a multiple of 27?
False
Is 58527 a multiple of 21?
True
Is 7378 a multiple of 14?
True
Is 1009 a multiple of 10?
False
Is 6590 a multiple of 331?
False
Does 16 divide 1953?
False
Is 14 a factor of 1250?
False
Does 136 divide 2729?
False
Is 127 a factor of 6170?
False
Is 35 a factor of 40317?
False
Does 25 divide 11950?
True
Is 1350 a multiple of 75?
True
Does 13 divide 2418?
True
Is 1157 a multiple of 6?
False
Does 22 divide 66?
True
Is 2594 a multiple of 45?
False
Does 6 divide 336?
True
Is 498 a factor of 138616?
False
Is 14 a factor of 5128?
False
Is 25350 a multiple of 39?
True
Does 2 divide 1276?
True
Does 57 divide 4234?
False
Is 24039 a multiple of 29?
False
Does 40 divide 2396?
False
Is 343 a multiple of 24?
False
Does 30 divide 882?
False
Is 78 a factor of 9672?
True
Is 35 a factor of 8750?
True
Does 10 divide 192?
False
Is 9 a factor of 5715?
True
Is 155 a multiple of 31?
True
Does 9 divide 252?
True
Is 16 a factor of 10938?
False
Is 135047 a multiple of 60?
False
Is 19 a factor of 41?
False
Is 17 a factor of 2091?
True
Is 161 a factor of 7728?
True
Is 18 a factor of 594?
True
Does 8 divide 3193?
False
Is 7984 a multiple of 128?
False
Does 49 divide 1470?
True
Is 234 a factor of 19857?
False
Is 3 a factor of 2400?
True
Does 12 divide 941?
False
Does 4 divide 216?
True
Is 26 a factor of 4145?
False
Is 3628 a multiple of 15?
False
Is 1172 a multiple of 8?
False
Is 5 a factor of 120?
True
Does 3 divide 37?
False
Is 8397 a multiple of 2?
False
Is 4144 a multiple of 8?
True
Is 12023 a multiple of 11?
True
Does 46 divide 1103?
False
Is 966 a multiple of 23?
True
Does 5 divide 40?
True
Is 14 a factor of 35913?
False
Is 17 a factor of 15861?
True
Is 9918 a multiple of 38?
True
Is 18011 a multiple of 83?
True
Does 8 divide 106176?
True
Is 11 a factor of 1510?
False
Does 11 divide 4939?
True
Does 4 divide 3325?
False
Does 338 divide 92950?
True
Is 3271 a multiple of 20?
False
Is 11 a factor of 18348?
True
Does 17 divide 10591?
True
Is 18710 a multiple of 76?
False
Is 10 a factor of 380?
True
Is 22 a factor of 550?
True
Does 10 divide 740?
True
Is 10738 a multiple of 13?
True
Is 57 a factor of 7410?
True
Does 23 divide 4115?
False
Is 2312 a multiple of 131?
False
Is 192 a multiple of 3?
True
Does 29 divide 1537?
True
Is 19 a factor of 31160?
True
Is 588 a multiple of 4?
True
Does 12 divide 864?
True
Does 163 divide 1721?
False
Is 35509 a multiple of 25?
False
Is 600 a multiple of 40?
True
Is 9 a factor of 129?
False
Does 190 divide 134330?
True
Is 8 a factor of 2576?
True
Is 206 a factor of 3502?
True
Is 34 a factor of 306?
True
Does 9 divide 212?
False
Does 30 divide 26208?
False
Does 72 divide 59251?
False
Is 871 a multiple of 2?
False
Is 11200 a multiple of 32?
True
Is 8364 a multiple of 43?
False
Is 89 a factor of 3041?
False
Does 9 divide 63?
True
Does 96 divide 1013?
False
Is 6191 a multiple of 124?
False
Is 15716 a multiple of 9?
False
Does 163 divide 8171?
False
Is 40 a factor of 656?
False
Is 1401 a multiple of 6?
False
Is 27980 a multiple of 24?
False
Is 3061 a multiple of 19?
False
Is 16 a factor of 8964?
False
Is 338 a multiple of 9?
False
Is 19798 a multiple of 38?
True
Is 105 a factor of 22856?
False
Is 680 a multiple of 17?
True
Is 1800 a multiple of 30?
True
Is 5 a factor of 11?
False
Is 96 a multiple of 16?
True
Does 39 divide 178?
False
Is 7431 a multiple of 11?
False
Is 86 a factor of 25698?
False
Does 159 divide 21555?
False
Does 87 divide 7656?
True
Is 7 a factor of 195?
False
Does 27 divide 1215?
True
Is 4841 a multiple of 37?
False
Is 8 a factor of 17584?
True
Is 1913 a multiple of 20?
False
Does 42 divide 716?
False
Is 6 a factor of 210?
True
Does 28 divide 817?
False
Is 56 a factor of 9856?
True
Does 6 divide 126?
True
Is 3943 a multiple of 44?
False
Does 91 divide 2366?
True
Is 38368 a multiple of 22?
True
Does 21 divide 448?
False
Is 24198 a multiple of 37?
True
Is 254 a multiple of 24?
False
Is 14763 a multiple of 288?
False
Is 25913 a multiple of 27?
False
Does 20 divide 219?
False
Does 7 divide 42700?
True
Is 139 a factor of 6255?
True
Is 4 a factor of 4887?
False
Is 96 a factor of 2263?
False
Is 20 a factor of 837?
False
Does 66 divide 13754?
False
Is 114 a multiple of 3?
True
Is 30915 a multiple of 229?
True
Is 72 a factor of 5688?
True
Is 189662 a multiple of 466?
True
Does 18 divide 2412?
True
Is 11660 a multiple of 44?
True
Does 11 divide 10010?
True
Is 184 a multiple of 5?
False
Is 25 a factor of 8450?
True
Does 2 divide 149?
False
Is 174 a factor of 44370?
True
Is 44 a factor of 162?
False
Is 101528 a multiple of 98?
True
Is 25 a factor of 1668?
False
Does 7 divide 22520?
False
Is 15 a factor of 76?
False
Does 196 divide 885?
False
Is 35 a factor of 12794?
False
Is 31 a factor of 2573?
True
Does 54 divide 4243?
False
Does 25 divide 1475?
True
Is 209 a factor of 7106?
True
Does 31 divide 3534?
True
Does 13 divide 10114?
True
Is 242 a factor of 35574?
True
Is 32 a factor of 25664?
True
Is 5 a factor of 1082?
False
Is 42 a factor of 630?
True
Does 2 divide 108?
True
Is 19 a factor of 76?
True
Does 21 divide 6195?
True
Is 565 a multiple of 5?
True
Does 4 divide 22916?
True
Is 10 a factor of 595?
False
Does 174 divide 9677?
False
Does 20 divide 30?
False
Is 10 a factor of 858?
False
Is 44710 a multiple of 34?
True
Is 32 a factor of 7936?
True
Is 24 a factor of 905?
False
Is 71 a factor of 852?
True
Is 60 a multiple of 2?
True
Is 31620 a multiple of 62?
True
Is 8588 a multiple of 19?
True
Does 71 divide 1491?
True
Is 2208 a multiple of 36?
False
Is 63 a factor of 423?
False
Does 67 divide 21414?
False
Does 41 divide 774?
False
Is 6 a factor of 360?
True
Is 1280 a multiple of 20?
True
Is 84 a factor of 4788?
True
Does 81 divide 2223?
False
Is 38 a factor of 589?
False
Does 45 divide 2340?
True
Is 64 a factor of 1664?
True
Is 135 a factor of 69820?
False
Does 69 divide 6486?
True
Is 303 a multiple of 11?
False
Does 9 divide 153?
True
Is 7 a factor of 413?
True
Is 4 a factor of 20?
True
Does 11 divide 171?
False
Does 11 divide 185?
False
Does 62 divide 4650?
True
Is 12 a factor of 241?
False
Is 40 a factor of 840?
True
Is 15205 a multiple of 33?
False
Does 16 divide 304?
True
Is 5295 a multiple of 8?
False
Is 56 a factor of 57914?
False
Is 2160 a multiple of 18?
True
Is 41 a factor of 5325?
False
Does 8 divide 443?
False
Does 6 divide 14574?
True
Does 42 divide 8064?
True
Does 29 divide 1588?
False
Is 26 a factor of 43620?
False
Does 2 divide 110?
True
Is 11867 a multiple of 96?
False
Is 7 a factor of 25749?
False
Is 16 a factor of 4320?
True
Is 7 a factor of 323?
False
Is 15 a factor of 585?
True
Does 173 divide 13667?
True
Does 17 divide 4760?
True
Is 1900 a multiple of 50?
True
Is 10 a factor of 49266?
False
Is 12 a factor of 4932?
True
Does 66 divide 289?
False
Is 4029 a multiple of 17?
True
Does 15 divide 2153?
False
Does 12 divide 55512?
True
Is 3871 a multiple of 3?
False
Is 9576 a multiple of 12?
True
Does 10 divide 4729?
False
Is 48 a factor of 4501?
False
Is 13 a factor of 34772?
False
Does 166 divide 43671?
False
Is 9 a factor of 5557?
False
Is 86 a factor of 10148?
True
Is 1136 a multiple of 4?
True
Is 1740 a multiple of 9?
False
Is 58 a factor of 348?
True
Is 18 a factor of 522?
True
Is 15 a factor of 768?
False
Is 3 a factor of 13716?
True
Is 2880 a multiple of 64?
True
Is 6768 a multiple of 25?
False
Is 23 a factor of 161?
True
Is 11841 a multiple of 62?
False
Is 7 a factor of 322?
True
Does 15 divide 11544?
False
Is 7558 a multiple of 23?
False
Does 14 divide 2114?
True
Is 9 a factor of 947?
False
Is 350 a multiple of 14?
True
Is 69 a factor of 1035?
True
Does 26 